{"id":1084,"date":"2020-06-21T09:32:58","date_gmt":"2020-06-21T09:32:58","guid":{"rendered":"http:\/\/blog.adivina.de\/?page_id=1084"},"modified":"2023-04-21T14:23:28","modified_gmt":"2023-04-21T14:23:28","slug":"neue-berater","status":"publish","type":"page","link":"http:\/\/blog.adivina.de\/?page_id=1084","title":{"rendered":"Neue Berater"},"content":{"rendered":"<h2><span style=\"color: #ff0000;\"><strong><a href=\"https:\/\/www.adivina.de\/berater\/Patdebu\">PATDEBU <img loading=\"lazy\" decoding=\"async\" class=\"alignright\" src=\"https:\/\/www.adivina.de\/images\/77ffccde5d4d8ea2d26392369786dfcc.jpg\" width=\"132\" height=\"161\" \/><\/a><\/strong><\/span><\/h2>\n<h4>&#x2b50;&#xfe0f;Presse und TV Bekannt &#x2b50;&#xfe0f;<\/h4>\n<h4>Hellsichtpur &#8211; Personenbeschreibung und Zeitangaben<\/h4>\n<h4>ich spreche mit deinem Herzenspartner&#x2764;&#xfe0f;<\/h4>\n<h4>und gebe dir die Botschaft weiter \u2026<\/h4>\n<p>\u00a0<\/p>\n<p>\u00a0<\/p>\n<hr \/>\n<p>\u00a0<\/p>\n<h2><a href=\"https:\/\/www.adivina.de\/berater\/Amrei\"><span style=\"color: #ff0000;\"><strong>AMREI<img loading=\"lazy\" decoding=\"async\" class=\"alignleft\" src=\"https:\/\/www.adivina.de\/images\/302f1d8ad2568f553a0d800f0301bbf9.jpg\" width=\"149\" height=\"182\" \/><\/strong><\/span><\/a><\/h2>\n<h4 style=\"padding-left: 80px;\">Lenormand Karten<\/h4>\n<h4 style=\"padding-left: 80px;\">Pendeln, Beruf, Liebe, Finanzen<\/h4>\n<h4 style=\"padding-left: 80px;\">Ich m\u00f6chte Sie auf Ihrem Weg ein St\u00fcck begleiten,<\/h4>\n<h4 style=\"padding-left: 80px;\">in Klarheit und Ehrlichkeit unterst\u00fctzen,<\/h4>\n<h4 style=\"padding-left: 80px;\">um neue Kraft zu geben. \u2026<\/h4>\n<p>\u00a0<\/p>\n<p>\u00a0<\/p>\n<hr \/>\n<p>\u00a0<\/p>\n<h2><span style=\"color: #ff0000;\"><strong><a href=\"https:\/\/www.adivina.de\/berater\/Britta\">BRITTA<img loading=\"lazy\" decoding=\"async\" class=\"alignright\" src=\"https:\/\/www.adivina.de\/images\/35f5e4fa30ef08fc3c78937365ba12d4.jpg\" width=\"139\" height=\"170\" \/><\/a><\/strong><\/span><\/h2>\n<h4>Hellsichtiges Kartenlegen,\u00a0Karmalegung, Engel Kontakte<\/h4>\n<h4>Was f\u00fchlt Er\/Sie wirklich?<\/h4>\n<h4>Klarheit f\u00fcr deine Situation .<\/h4>\n<h4>Ehrlich &amp; Pr\u00e4zise Auf den Punkt !<\/h4>\n<p>\u00a0<\/p>\n<p>\u00a0<\/p>\n<hr \/>\n<p>\u00a0<\/p>\n<h2><a href=\"https:\/\/www.adivina.de\/berater\/Liebeguteseele\"><span style=\"color: #ff0000;\"><strong>LIEBEGUTESEELE<img loading=\"lazy\" decoding=\"async\" class=\"alignleft\" src=\"https:\/\/www.adivina.de\/images\/41bf6d9e2a55bf5ba81583b840aedcf0.jpg\" width=\"121\" height=\"148\" \/><\/strong><\/span><\/a><\/h2>\n<h4 style=\"padding-left: 80px;\">HELLSICHTIG, HELLH\u00d6RIG, HELLF\u00dcHLIG,<\/h4>\n<h4 style=\"padding-left: 80px;\">Expertin in Dualseelen, Liebes Angelegenheiten.<\/h4>\n<h4 style=\"padding-left: 80px;\">Hellseherische Wahrsagung durch das dritte Auge.<\/h4>\n<p>\u00a0<\/p>\n<p>\u00a0<\/p>\n<hr \/>\n<p>\u00a0<\/p>\n<h2><a href=\"https:\/\/www.adivina.de\/berater\/Harmonia\"><span style=\"color: #ff0000;\"><strong>HARMONIA<img loading=\"lazy\" decoding=\"async\" class=\"alignright\" src=\"https:\/\/www.adivina.de\/images\/b6e2c9fe02e4dc3b4c2f588be7490689.jpg\" width=\"132\" height=\"161\" \/><\/strong><\/span><\/a><\/h2>\n<h4><span style=\"font-size: 1.2em;\">Beratung auf Augenh\u00f6he in der Liebe\/ Partnerschaft\/ Beruf(ung)<\/span><\/h4>\n<h4><span style=\"font-size: 1.2em;\">Lass und gemeinsam schauen, wo der Weg Dich hin f\u00fchrt! <\/span><\/h4>\n<h4><span style=\"font-size: 1.2em;\">***von Herzen f\u00fcr Dich da***.<\/span><\/h4>\n<p>\u00a0<\/p>\n<p>\u00a0<\/p>\n\n","protected":false},"excerpt":{"rendered":"<p>PATDEBU &#x2b50;&#xfe0f;Presse und TV Bekannt &#x2b50;&#xfe0f; Hellsichtpur &#8211; Personenbeschreibung und Zeitangaben ich spreche mit deinem Herzenspartner&#x2764;&#xfe0f; und gebe dir die Botschaft weiter \u2026 \u00a0 \u00a0 \u00a0 AMREI Lenormand Karten Pendeln, Beruf, Liebe, Finanzen Ich m\u00f6chte Sie auf Ihrem Weg ein St\u00fcck begleiten, in Klarheit und Ehrlichkeit unterst\u00fctzen, um neue Kraft zu geben. \u2026 \u00a0 \u00a0 <a href='http:\/\/blog.adivina.de\/?page_id=1084' class='excerpt-more'>[&#8230;]<\/a><\/p>\n","protected":false},"author":1,"featured_media":0,"parent":0,"menu_order":0,"comment_status":"closed","ping_status":"closed","template":"","meta":{"footnotes":""},"class_list":["post-1084","page","type-page","status-publish","hentry","post-seq-1","post-parity-odd","meta-position-corners","fix"],"_links":{"self":[{"href":"http:\/\/blog.adivina.de\/index.php?rest_route=\/wp\/v2\/pages\/1084"}],"collection":[{"href":"http:\/\/blog.adivina.de\/index.php?rest_route=\/wp\/v2\/pages"}],"about":[{"href":"http:\/\/blog.adivina.de\/index.php?rest_route=\/wp\/v2\/types\/page"}],"author":[{"embeddable":true,"href":"http:\/\/blog.adivina.de\/index.php?rest_route=\/wp\/v2\/users\/1"}],"replies":[{"embeddable":true,"href":"http:\/\/blog.adivina.de\/index.php?rest_route=%2Fwp%2Fv2%2Fcomments&post=1084"}],"version-history":[{"count":44,"href":"http:\/\/blog.adivina.de\/index.php?rest_route=\/wp\/v2\/pages\/1084\/revisions"}],"predecessor-version":[{"id":2087,"href":"http:\/\/blog.adivina.de\/index.php?rest_route=\/wp\/v2\/pages\/1084\/revisions\/2087"}],"wp:attachment":[{"href":"http:\/\/blog.adivina.de\/index.php?rest_route=%2Fwp%2Fv2%2Fmedia&parent=1084"}],"curies":[{"name":"wp","href":"https:\/\/api.w.org\/{rel}","templated":true}]}}